{"id":58,"date":"2022-08-11T12:16:46","date_gmt":"2022-08-11T15:16:46","guid":{"rendered":"http:\/\/chainid.com.br\/?page_id=58"},"modified":"2022-08-16T08:53:22","modified_gmt":"2022-08-16T11:53:22","slug":"o-que-fazemos","status":"publish","type":"page","link":"http:\/\/chainid.com.br\/index.php\/o-que-fazemos\/","title":{"rendered":"O que fazemos"},"content":{"rendered":"<p>Criamos solu\u00e7\u00f5es para problemas no gerenciamento de identidade dentro e fora das organiza\u00e7\u00f5es. Entregamos valor e seguran\u00e7a atrav\u00e9s do uso de uma identidade segura, compartilh\u00e1vel, com integra\u00e7\u00e3o facilitada e diversos servi\u00e7os agregados, como: autentica\u00e7\u00e3o, identifica\u00e7\u00e3o e reconhecimento de usu\u00e1rios&#8230;<\/p>\n","protected":false},"excerpt":{"rendered":"<p>Criamos solu\u00e7\u00f5es para problemas no gerenciamento de identidade dentro e fora das organiza\u00e7\u00f5es. Entregamos valor e seguran\u00e7a atrav\u00e9s do uso de uma identidade segura, compartilh\u00e1vel, com integra\u00e7\u00e3o facilitada e diversos &#8230;<\/p>\n","protected":false},"author":1,"featured_media":0,"parent":0,"menu_order":0,"comment_status":"closed","ping_status":"closed","template":"","meta":{"om_disable_all_campaigns":false,"_monsterinsights_skip_tracking":false,"_monsterinsights_sitenote_active":false,"_monsterinsights_sitenote_note":"","_monsterinsights_sitenote_category":0},"_links":{"self":[{"href":"http:\/\/chainid.com.br\/index.php\/wp-json\/wp\/v2\/pages\/58"}],"collection":[{"href":"http:\/\/chainid.com.br\/index.php\/wp-json\/wp\/v2\/pages"}],"about":[{"href":"http:\/\/chainid.com.br\/index.php\/wp-json\/wp\/v2\/types\/page"}],"author":[{"embeddable":true,"href":"http:\/\/chainid.com.br\/index.php\/wp-json\/wp\/v2\/users\/1"}],"replies":[{"embeddable":true,"href":"http:\/\/chainid.com.br\/index.php\/wp-json\/wp\/v2\/comments?post=58"}],"version-history":[{"count":2,"href":"http:\/\/chainid.com.br\/index.php\/wp-json\/wp\/v2\/pages\/58\/revisions"}],"predecessor-version":[{"id":134,"href":"http:\/\/chainid.com.br\/index.php\/wp-json\/wp\/v2\/pages\/58\/revisions\/134"}],"wp:attachment":[{"href":"http:\/\/chainid.com.br\/index.php\/wp-json\/wp\/v2\/media?parent=58"}],"curies":[{"name":"wp","href":"https:\/\/api.w.org\/{rel}","templated":true}]}}